ue
Let k(n) be the third derivative of -35*n**4/24 + 2*n**3 + 26*n**2. Is k(-7) a prime number?
True
Let f(g) = -g**3 - 11*g**2 - 3*g + 10. Let h(m) = -4*m**2 - 3*m - 1. Let y = 19 + -21. Let s be h(y). Is f(s) a composite number?
False
Let g(r) = 4*r**2 + 12*r + 7. Let s(n) = -n**2 - 8*n. Let p be s(-9). Is g(p) prime?
True
Let s be (1/3)/((-15)/45). Is (-270 + -7)/(0 + s) a composite number?
False
Let o(a) = 1676*a - 705. Is o(19) composite?
False
Let g(o) = -42*o - 1. Suppose 0 = 6*h - 8*h. Suppose q + q + f = -9, 4*q - 3*f + 33 = h. Is g(q) a composite number?
False
Let n(c) = -975*c - 23. Is n(-2) a prime number?
False
Let z = 637 + 454. Is z a prime number?
True
Let n(u) = -1974*u - 2. Is n(-2) prime?
False
Let t be (1/((-5)/(-8)))/(5/(-25)). Is 488 - (3/5 - t/20) prime?
True
Let t(l) = 147*l**2 - 7*l + 17. Is t(2) a composite number?
True
Suppose 0 = 6*z - 7*z + 2. Suppose -4*j + 5 + 15 = 0. Suppose 4*r - z*d - 20 = 2*d, -d = j*r - 13. Is r a composite number?
False
Let s(h) = -4*h - 20. Let o = -20 + 14. Let y be s(o). Is -47*(-3 + -1)/y a prime number?
True
Let j = 3481 + 146. Is (-1 - 7)/(-2) + j a composite number?
False
Suppose w - 4*w - 2*j = 6409, -j = 4*w + 8552. Let x = -1222 - w. Is x a prime number?
False
Let m(u) = u - 2. Let j be m(7). Is 2527/j + 32/(-80) prime?
False
Let p be 1/((-47090)/(-15695) + -3). Suppose -r + 1370 = -2*w + 317, -3*r = 4*w - p. Is r prime?
True
Let v(d) = -d**3 - 17*d**2 - 16*d + 7. Let o be v(-16). Let l(n) = 2*n - 4. Let z be l(4). Suppose -33 = z*q - o*q. Is q a prime number?
True
Suppose -5*p - 2*i - 4452 = 0, -2*p + i = -3*p - 888. Let u = p + 1851. Is u composite?
True
Let c(a) = a - 1. Let m be c(5). Let i be -182 + 0*m/8. Is 8/12 - i/6 prime?
True
Suppose -3*h = -6*h. Suppose h*u + u = -42. Let t = u - -97. Is t a composite number?
True
Suppose 0 = 22*i - 25*i + 4*p + 55269, -2*i = 3*p - 36829. Is i composite?
True
Suppose 69 + 16 = -5*j. Let c = j + 19. Suppose -445 = -5*w - 2*b, 6*w - c*b - 283 = 3*w. Is w a composite number?
True
Suppose -5*j = -10*j + 4*d + 51335, 51335 = 5*j + 2*d. Is j a prime number?
True
Let m(k) = 10*k**3. Let s be m(1). Let v be 138*((-25)/s + 3). Suppose 4*d = 3*d + v. Is d composite?
True
Is (228008/4)/11*1 a prime number?
False
Suppose -29*f + 314998 + 21315 = 0. Is f prime?
True
Let c = 6 + -11. Let s(o) = 4*o**2 - o + 4. Is s(c) composite?
False
Let z = 45 - 5. Suppose z + 22 = -2*f. Let b = f + 68. Is b a prime number?
True
Suppose -11355 = -u + 316. Is u a composite number?
True
Let l(k) = 115*k - 104. Is l(7) prime?
True
Let c(u) be the third derivative of u**5/30 - u**4/24 + u**3/6 - 5*u**2. Let d be c(1). Suppose -d*i + 388 = 2*i. Is i prime?
True
Let q(o) be the third derivative of 5*o**4/4 + 13*o**3/6 + 4*o**2. Is q(7) prime?
True
Is 345287/68 - 3/(-12) a composite number?
True
Suppose s + 3*s = 5*n + 10934, -2 = n. Is s a composite number?
False
Suppose -2*l - 3*n = 29, 0*n - 26 = 3*l + n. Is 21/l - (-1712)/2 composite?
False
Suppose -32*z + 2 = -31*z. Suppose 0 = -a + n + 761, 0 = z*a - 0*n - 3*n - 1526. Is a a prime number?
True
Suppose -2657 = -3*a - 5*g + 9*g, g = 4*a - 3547. Is a composite?
False
Let y = 7579 - 4588. Is y a prime number?
False
Let n(y) be the third derivative of -y**6/120 - y**5/10 + 5*y**4/12 - 3*y**3/2 + 11*y**2. Let v be n(-9). Let i = -31 + v. Is i prime?
True
Let d(v) = 4667*v**2 - v + 27. Is d(4) prime?
False
Suppose -2*h + 982 = -3*j + 3658, -j = h - 897. Suppose -3*w + 5*w = j. Is w prime?
False
Suppose 589 = 2*s - 3*t, -500 = 4*s + 4*t - 1728. Let o = s + -193. Is o prime?
True
Let u be 1 + -2 + (-1 - -1). Let l(b) = 16*b**3 - b**2 - 3*b - 1. Let v(f) = f**2. Let y(i) = u*l(i) - 2*v(i). Is y(-2) prime?
False
Let r = -7609 - -14100. Is r composite?
False
Let c = -72 + 536. Suppose 4*o - c = n + 482, 5*n = -3*o - 4845. Is (n/(-18))/((-2)/(-6)) a composite number?
True
Let p be 0 - (-3)/3*-1. Let t = p - 2. Is -97*9/(0 + t) a prime number?
False
Suppose 0 = 5*m - 22 - 43. Let j(d) = 17*d - m - 2 + 164*d + 28*d. Is j(8) composite?
False
Let q = -7 - -9. Let k(g) = 69*g**3 - g**2 + 2*g + 1. Is k(q) prime?
False
Let g(v) = -4*v**2 - 3*v - 12. Let h(z) = -z**2 - 1. Let o(m) = g(m) - 5*h(m). Let y be o(5). Suppose -4*w = 2*f + 2*f - 584, -450 = -y*w + f. Is w prime?
True
Let z(f) be the third derivative of f**5/6 - f**4/24 - 5*f**3/3 - f**2. Is z(-3) a composite number?
False
Let b(u) be the second derivative of 5*u**4/12 + u**3/6 + u**2 - u. Let c be b(-4). Suppose -k + 36 = i, 2*k - 4*i - c = -0*k. Is k a composite number?
False
Suppose 2*a - 5 + 1 = 0. Let f be 0 + a - (-7 - 52). Suppose -f = -2*d + 121. Is d a prime number?
False
Let g(d) = d**2 - 9*d - 1. Let h be g(7). Let q = h + 13. Is 45 - q/(-3)*3 composite?
False
Let a be -3 - 1 - (4 + 1 - 6). Let z(v) = -129*v - 8. Is z(a) a prime number?
True
Is -2*(-19449)/(-72)*(2 - 6) composite?
False
Suppose -w = 1, 0*w = 4*r - 4*w - 7640. Is r composite?
True
Let p(r) = 851*r**3 + 2*r - 2. Let a be p(1). Suppose -o = -4*s + s - 203, -4*o = -5*s - 329. Is a/s*(-15 - 0) a composite number?
True
Let t(l) = l**2 + 14*l + 1. Let n be t(-14). Let g be ((-12)/(-18))/(n/228). Suppose -2*f + g = -5*y + 4*y, 0 = 4*f + 3*y - 284. Is f composite?
True
Let h(i) = -10133*i**3 - 12*i**2 - 18*i + 1. Is h(-2) a composite number?
True
Let n(m) be the second derivative of -75*m**3/2 + 8*m**2 + m - 6. Is n(-3) prime?
True
Suppose 3*w + 2*g - 20 = -2*w, 2*w - 14 = -2*g. Let u be 1/(-4)*w*2. Is (-7)/((-4)/(-124)*u) a prime number?
False
Let s(w) = 37*w**2 - 3*w - 11. Suppose 0 = p - 4*p + 15. Is s(p) a prime number?
False
Let f(l) = -6021*l - 1139. Is f(-14) composite?
True
Suppose u - 5434 = -2*w + 889, u - 4*w = 6311. Is u prime?
False
Let w = 59 - 59. Suppose w = -6*t - 4*t + 8410. Is t a prime number?
False
Let u(x) = 210*x**2 - 12*x - 13. Is u(-5) a prime number?
True
Suppose 3*j + l = 489, 8*l = 3*j + 5*l - 477. Suppose 4*a + 20 = 4*r, -r = 4*r - a - 17. Suppose 5*y - 376 = -4*t, t = r*t - 4*y - j. Is t prime?
True
Let a = 72 - 69. Suppose -3*i + 7959 = -4*z, -4*z = 7*i - a*i - 10640. Is i prime?
True
Suppose -2*l = 4*a + l - 181397, 0 = -4*l - 4. Suppose a = -7*d + 17*d. Is d a composite number?
True
Suppose -j = 3, -28*j - 17749 = -4*x - 33*j. Is x a composite number?
False
Let q(y) = 17*y - 18. Let n be q(6). Suppose f + 3*f - n = 0. Is f prime?
False
Suppose 0 = -65*p + 71*p - 6402. Is p prime?
False
Let d(p) = 7*p**2 - 3 + 12*p**3 + 10 - 10*p**3 + 21*p. Is d(11) prime?
False
Let m = -4710 + 8887. Is m a prime number?
True
Let m = 340 + -213. Is m a composite number?
False
Is (35 - 1966)/(2/(-10)) composite?
True
Suppose 4*s - 3*y + y = -5906, 3*y + 2933 = -2*s. Suppose -4*a - 2529 = 4*b - b, -3*a = 9. Let t = b - s. Is t a prime number?
False
Suppose 5*i + 21665 = -5*m, -21657 = 7*i - 2*i - 3*m. Let u = -1871 - i. Is u a composite number?
True
Let c(k) = 2*k**2 + 7*k - 5. Suppose -4*a + 8 = -2*a. Is c(a) a prime number?
False
Suppose 2*j - 5*f - 58955 = 0, -j + 12*f + 29476 = 9*f. Is j composite?
True
Suppose -12*r + 8964 = -9*r. Suppose -j = -2*z + r - 8081, -2*j + 3*z + 10187 = 0. Is j a prime number?
False
Let q be (-8294)/(-5) + 3/15. Suppose 0 = -4*d - 3*h + q, 3*h - 2*h - 1248 = -3*d. Is d prime?
False
Let n be -6 - -3 - -2770 - -1. Suppose -6*s + 6562 + n = 0. Is s prime?
False
Suppose -3*x + x - 40 = 0. Is ((-118)/3)/(x/30) composite?
False
Suppose 0 = -p + 1044 + 570. Is (-1)/((-6459)/p + 4) prime?
False
Suppose 48 = 5*u + 38. Suppose -4*q - 2*y + 12540 = u*y, y + 12530 = 4*q. Is q a composite number?
True
Suppose 0 = 17*b - 14*b - 4788. Suppose -p + b = 5*y, -5*p = -4*y - 186 + 1457. Let q = y + -128. Is q composite?
False
Let g = 13659 + -2820. Is g a prime number?
False
Let j be (1 + -2)*0/(-4). Let a(u) = 2*u**3 + 2*u + 47. Is a(j) a prime number?
True
Let f = 485 + -231. Is f composite?
True
Let y be (-2)/(-10) + 3638/10. Let a = y - 179. Suppose j - a = -4*j. Is j a prime number?
True
Let p(d) = d**2 - 7*d + 6. Let u be p(7). Suppose -2*q + 4 = -0. Is (q/(-1))/(u/(-237)) a prime number?
True
Let w be ((-5)/(5/(-3)))/1. Suppose -1 = -w*q + 11. Suppose -5*t + 141 = -q*t. Is t prime?
False
Let y be 2/2 + (-7 - -8). Suppose 2*x - z = 8, x - 3*z - 13 = y*z. Is (-402)/4*(-2)/